ns digit of 379193802?
0
What is the millions digit of 7529158523?
9
What is the hundred thousands digit of 3828775952?
7
What is the ten thousands digit of 139942968?
4
What is the ten thousands digit of 180558344?
5
What is the units digit of 316991479?
9
What is the millions digit of 10192621?
0
What is the hundreds digit of 2558869325?
3
What is the ten millions digit of 85030506?
8
What is the hundred millions digit of 156724959?
1
What is the units digit of 99484885?
5
What is the ten millions digit of 70078764?
7
What is the hundreds digit of 23141700?
7
What is the thousands digit of 50539707?
9
What is the units digit of 2788234014?
4
What is the ten millions digit of 240575299?
4
What is the ten millions digit of 11022179?
1
What is the billions digit of 1862069603?
1
What is the millions digit of 315059203?
5
What is the units digit of 155927782?
2
What is the hundred thousands digit of 51595394?
5
What is the hundred millions digit of 3007185620?
0
What is the thousands digit of 148973784?
3
What is the hundreds digit of 22795742?
7
What is the thousands digit of 94232919?
2
What is the hundreds digit of 28513922?
9
What is the ten thousands digit of 2414085?
1
What is the hundred thousands digit of 8715351?
7
What is the hundred thousands digit of 2048351449?
3
What is the tens digit of 2436065001?
0
What is the hundred thousands digit of 1566254452?
2
What is the tens digit of 161852314?
1
What is the hundreds digit of 71116839?
8
What is the hundreds digit of 64982068?
0
What is the tens digit of 8290013?
1
What is the ten thousands digit of 76776734?
7
What is the hundred thousands digit of 275278014?
2
What is the ten thousands digit of 447699883?
9
What is the units digit of 732144443?
3
What is the hundred thousands digit of 4666740071?
7
What is the ten thousands digit of 1598585188?
8
What is the units digit of 1695826238?
8
What is the ten millions digit of 252298443?
5
What is the units digit of 1356406?
6
What is the hundred thousands digit of 940085653?
0
What is the tens digit of 87384500?
0
What is the units digit of 1091589262?
2
What is the ten millions digit of 438979197?
3
What is the thousands digit of 97688804?
8
What is the millions digit of 1391359513?
1
What is the hundreds digit of 107958344?
3
What is the units digit of 529279254?
4
What is the millions digit of 445569308?
5
What is the thousands digit of 96746606?
6
What is the hundreds digit of 219719346?
3
What is the thousands digit of 24600217?
0
What is the thousands digit of 459554394?
4
What is the hundred millions digit of 1117254603?
1
What is the millions digit of 925819569?
5
What is the billions digit of 1455611937?
1
What is the millions digit of 13748536?
3
What is the ten millions digit of 802790669?
0
What is the ten thousands digit of 67508221?
0
What is the hundreds digit of 7059382683?
6
What is the hundred thousands digit of 987242432?
2
What is the hundred millions digit of 1371285715?
3
What is the tens digit of 489858088?
8
What is the units digit of 62585939?
9
What is the units digit of 183929108?
8
What is the hundred thousands digit of 10352454?
3
What is the thousands digit of 262489564?
9
What is the ten millions digit of 680117814?
8
What is the tens digit of 41773028?
2
What is the hundred thousands digit of 202111861?
1
What is the millions digit of 1160076708?
0
What is the units digit of 2112430467?
7
What is the hundred millions digit of 1248399698?
2
What is the hundreds digit of 599349390?
3
What is the millions digit of 817134874?
7
What is the millions digit of 62427148?
2
What is the thousands digit of 486708071?
8
What is the ten millions digit of 1355244979?
5
What is the hundred thousands digit of 4127598517?
5
What is the hundred thousands digit of 700135524?
1
What is the ten thousands digit of 1113356443?
5
What is the millions digit of 5411732361?
1
What is the thousands digit of 27717518?
7
What is the hundreds digit of 15281688?
6
What is the thousands digit of 5384415638?
5
What is the units digit of 1927119540?
0
What is the hundred thousands digit of 203508285?
5
What is the units digit of 26551137?
7
What is the thousands digit of 56976838?
6
What is the hundreds digit of 64678177?
1
What is the hundred thousands digit of 1249365220?
3
What is the billions digit of 3175901002?
3
What is the hundreds digit of 1988202797?
7
What is the thousands digit of 165299862?
9
What is the ten thousands digit of 78503609?
0
What is the tens digit of 2117941910?
1
What is the hundreds digit of 32406734?
7
What is the thousands digit of 883184545?
4
What is the hundred millions digit of 925214876?
9
What is the units digit of 33554382?
2
What is the tens digit of 935713011?
1
What is the hundreds digit of 510327190?
1
What is the thousands digit of 30431863?
1
What is the billions digit of 3033797268?
3
What is the units digit of 20216552?
2
What is the thousands digit of 66537979?
7
What is the units digit of 9553544?
4
What is the millions digit of 39446483?
9
What is the ten thousands digit of 2114057051?
5
What is the thousands digit of 1347453600?
3
What is the ten millions digit of 787369779?
8
What is the hundreds digit of 1377574983?
9
What is the hundred millions digit of 196809741?
1
What is the millions digit of 95514756?
5
What is the ten thousands digit of 90312924?
1
What is the hundred thousands digit of 7043927?
0
What is the hundred thousands digit of 1010663860?
6
What is the ten millions digit of 210832694?
1
What is the units digit of 199954245?
5
What is the tens digit of 53404540?
4
What is the hundred thousands digit of 184762467?
7
What is the units digit of 2409281212?
2
What is the hundreds digit of 134153921?
9
What is the ten thousands digit of 2897791322?
9
What is the hundred millions digit of 2681609606?
6
What is the hundred millions digit of 807979608?
8
What is the ten millions digit of 387503952?
8
What is the tens digit of 6215963654?
5
What is the millions digit of 2510449175?
0
What is the hundred millions digit of 1290071887?
2
What is the ten millions digit of 46106107?
4
What is the hundred thousands digit of 45749900?
7
What is the hundred thousands digit of 624576035?
5
What is the tens digit of 399342193?
9
What is the tens digit of 648540?
4
What is the units digit of 671468752?
2
What is the thousands digit of 21988149?
8
What is the ten millions digit of 79114516?
7
What is the tens digit of 776070829?
2
What is the hundreds digit of 2347405501?
5
What is the millions digit of 2369795957?
9
What is the billions digit of 2945775743?
2
What is the units digit of 34672089?
9
What is the units digit of 50838990?
0
What is the ten thousands digit of 22330757?
3
What is the thousands digit of 2240489578?
9
What is the tens digit of 786822142?
4
What is the tens digit of 42370639?
3
What is the hundred thousands digit of 14117495?
1
What is the hundreds digit of 591823716?
7
What is the tens digit of 738922380?
8
What is the hundreds digit of 1287685784?
7
What is the hundred thousands digit of 774964787?
9
What is the hundred thousands digit of 5003312167?
3
What is the ten millions digit of 157919138?
5
What is the ten thousands digit of 3360016265?
1
What is the ten millions digit of 6135240947?
3
What is the millions digit of 38949008?
8
What is the ten millions digit of 361025432?
6
What is the hundred thousands digit of 7805560620?
5
What is the tens digit of 21875798?
9
What is the hundred thousands digit of 112320571?
3
What is the ten thousands digit of 916382222?
8
What is the ten thousands digit of 324148503?
4
What is the ten thousands digit of 4564212692?
1
What is the units digit of 292793134?
4
What is the hundred millions digit of 815239176?
8
What is the ten thousands digit of 196122761?
2
What is the ten thousands digit of 886867296?
6
What is the ten millions digit of 71052720?
7
What is the ten millions digit of 28630040?
2
What is the tens digit of 213432979?
7
What is the ten thousands digit of 100383905?
8
What is the tens digit of 70343648?
4
What is the units digit of 146255306?
6
What is the ten thousands digit of 385101863?
0
What is the hundred thousands digit of 72799232?
7
What is the billions digit of 1800774685?
1
What is the units digit of 3